{"id":8,"date":"2024-04-20T23:21:36","date_gmt":"2024-04-20T20:21:36","guid":{"rendered":"https:\/\/felipsotomotiv.com.tr\/?page_id=8"},"modified":"2024-04-22T23:21:13","modified_gmt":"2024-04-22T20:21:13","slug":"anasayfa","status":"publish","type":"page","link":"https:\/\/felipsotomotiv.com.tr\/","title":{"rendered":"Ana Sayfa"},"content":{"rendered":"\n<div class=\"wp-block-cover alignfull\" style=\"min-height:100vh;aspect-ratio:unset;\"><span aria-hidden=\"true\" class=\"wp-block-cover__background has-background-dim-20 has-background-dim\" style=\"background-color:#6c5d4e\"><\/span><img loading=\"lazy\" decoding=\"async\" width=\"1439\" height=\"679\" class=\"wp-block-cover__image-background wp-image-1368\" alt=\"\" src=\"https:\/\/felipsotomotiv.com.tr\/wp-content\/uploads\/2024\/04\/TIRLAR.jpg\" data-object-fit=\"cover\" srcset=\"https:\/\/felipsotomotiv.com.tr\/wp-content\/uploads\/2024\/04\/TIRLAR.jpg 1439w, https:\/\/felipsotomotiv.com.tr\/wp-content\/uploads\/2024\/04\/TIRLAR-300x142.jpg 300w, https:\/\/felipsotomotiv.com.tr\/wp-content\/uploads\/2024\/04\/TIRLAR-1024x483.jpg 1024w\" sizes=\"auto, (max-width: 1439px) 100vw, 1439px\" \/><div class=\"wp-block-cover__inner-container has-global-padding is-layout-constrained wp-block-cover-is-layout-constrained\">\n<p class=\"has-text-align-center has-white-color has-text-color has-max-60-font-size\" style=\"font-style:normal;font-weight:900;line-height:1.2\"><strong>Felips Otomotiv<\/strong><\/p>\n\n\n\n<p class=\"has-text-align-center has-white-color has-text-color has-medium-font-size\">Kamyon Par\u00e7alar\u0131 ve Otomotiv Sekt\u00f6r\u00fcnde G\u00fcvenilir \u00c7\u00f6z\u00fcmler<\/p>\n\n\n\n<div style=\"height:55px\" aria-hidden=\"true\" class=\"wp-block-spacer\"><\/div>\n<\/div><\/div>\n\n\n\n<div class=\"wp-block-group has-global-padding is-layout-constrained wp-block-group-is-layout-constrained\">\n<div style=\"height:57px\" aria-hidden=\"true\" class=\"wp-block-spacer\"><\/div>\n\n\n\n<h2 class=\"wp-block-heading has-text-align-center has-medium-font-size\" style=\"letter-spacing:1px\">HAKKIMIZDA<\/h2>\n\n\n\n<p>Uzun y\u0131llard\u0131r \u00fcretti\u011fimiz paslanmaz \u00e7elik t\u0131r aksesuarlar\u0131n\u0131, sekt\u00f6rde edindi\u011fimiz tecr\u00fcbelerle yeni markam\u0131z Felips Otomotiv ile d\u00fcnyaya sa\u011fl\u0131yoruz. Paslanmaz \u00e7elik aksesuarlar \u00fcreterek ba\u015flad\u0131\u011f\u0131m\u0131z ser\u00fcvenimize; sekt\u00f6rde edindi\u011fimiz teknik bilgi, birikim ve becerilerimizi yeni \u00fcretim altyap\u0131s\u0131 ile birle\u015ftirip, plastik ve fiber aksesuarlar da ekleyerek, m\u00fc\u015fterilerimizin ihtiya\u00e7lar\u0131n\u0131 daha geni\u015f alanda kar\u015f\u0131lamakta kararl\u0131y\u0131z&#8230;<\/p>\n\n\n\n<div class=\"wp-block-buttons is-horizontal is-content-justification-center is-layout-flex wp-container-core-buttons-is-layout-03627597 wp-block-buttons-is-layout-flex\">\n<div class=\"wp-block-button has-custom-font-size is-style-outline has-small-font-size is-style-outline--1\"><a class=\"wp-block-button__link wp-element-button\" href=\"https:\/\/felipsotomotiv.com.tr\/index.php\/about\/\" style=\"border-radius:0px\">DEVAM ET<\/a><\/div>\n<\/div>\n\n\n\n<div style=\"height:57px\" aria-hidden=\"true\" class=\"wp-block-spacer\"><\/div>\n<\/div>\n\n\n\n<div class=\"wp-block-group alignfull pattern_multiple_covers has-background has-global-padding is-layout-constrained wp-block-group-is-layout-constrained\" id=\"services\" style=\"background-color:#f8f8f8\">\n<p class=\"has-text-align-left has-secondary-color has-text-color\" style=\"letter-spacing:1px\"><\/p>\n\n\n\n<h2 class=\"wp-block-heading has-text-align-left\">\u00dcr\u00fcnlerimiz<\/h2>\n\n\n\n<p class=\"has-text-align-left\"><\/p>\n\n\n\n<div style=\"height:46px\" aria-hidden=\"true\" class=\"wp-block-spacer\"><\/div>\n\n\n\n<div class=\"wp-block-columns is-layout-flex wp-container-core-columns-is-layout-28f84493 wp-block-columns-is-layout-flex\">\n<div class=\"wp-block-column is-layout-flow wp-block-column-is-layout-flow\" style=\"padding-top:0;padding-right:0;padding-bottom:0;padding-left:0\">\n<div class=\"wp-block-cover has-custom-content-position is-position-bottom-left\" style=\"padding-top:var(--wp--preset--spacing--small);padding-right:var(--wp--preset--spacing--x-small);padding-bottom:var(--wp--preset--spacing--small);padding-left:var(--wp--preset--spacing--x-small);min-height:300px;aspect-ratio:unset;\"><span aria-hidden=\"true\" class=\"wp-block-cover__background has-primary-background-color has-background-dim-70 has-background-dim\"><\/span><img loading=\"lazy\" decoding=\"async\" width=\"1200\" height=\"1153\" class=\"wp-block-cover__image-background wp-image-41\" alt=\"\" src=\"https:\/\/felipsotomotiv.com.tr\/wp-content\/uploads\/2024\/04\/2017035-DAF-XF.jpg\" data-object-fit=\"cover\" srcset=\"https:\/\/felipsotomotiv.com.tr\/wp-content\/uploads\/2024\/04\/2017035-DAF-XF.jpg 1200w, https:\/\/felipsotomotiv.com.tr\/wp-content\/uploads\/2024\/04\/2017035-DAF-XF-300x288.jpg 300w, https:\/\/felipsotomotiv.com.tr\/wp-content\/uploads\/2024\/04\/2017035-DAF-XF-1024x984.jpg 1024w\" sizes=\"auto, (max-width: 1200px) 100vw, 1200px\" \/><div class=\"wp-block-cover__inner-container is-layout-flow wp-block-cover-is-layout-flow\">\n<h3 class=\"wp-block-heading has-white-color has-text-color has-medium-font-size\" style=\"margin-top:0;margin-right:0;margin-bottom:0;margin-left:0\">DAF<\/h3>\n\n\n\n<p class=\"has-lightgrey-color has-text-color has-link-color has-x-small-font-size wp-elements-747a9bbba0863ddf479b9ab679db923c\" style=\"margin-top:0;margin-right:0;margin-bottom:0;margin-left:0\"><a href=\"https:\/\/felipsotomotiv.com.tr\/index.php\/daf\/\">\u0130ncelemek icin t\u0131klay\u0131n\u0131z<\/a><\/p>\n<\/div><\/div>\n\n\n\n<div class=\"wp-block-cover has-custom-content-position is-position-bottom-left\" style=\"padding-top:var(--wp--preset--spacing--small);padding-right:var(--wp--preset--spacing--x-small);padding-bottom:var(--wp--preset--spacing--small);padding-left:var(--wp--preset--spacing--x-small);min-height:300px;aspect-ratio:unset;\"><span aria-hidden=\"true\" class=\"wp-block-cover__background has-primary-background-color has-background-dim-70 has-background-dim\"><\/span><img loading=\"lazy\" decoding=\"async\" width=\"1333\" height=\"2000\" class=\"wp-block-cover__image-background wp-image-88\" alt=\"\" src=\"https:\/\/felipsotomotiv.com.tr\/wp-content\/uploads\/2024\/04\/ford-trucks-on-lansman-4.jpg\" data-object-fit=\"cover\" srcset=\"https:\/\/felipsotomotiv.com.tr\/wp-content\/uploads\/2024\/04\/ford-trucks-on-lansman-4.jpg 1333w, https:\/\/felipsotomotiv.com.tr\/wp-content\/uploads\/2024\/04\/ford-trucks-on-lansman-4-200x300.jpg 200w, https:\/\/felipsotomotiv.com.tr\/wp-content\/uploads\/2024\/04\/ford-trucks-on-lansman-4-682x1024.jpg 682w\" sizes=\"auto, (max-width: 1333px) 100vw, 1333px\" \/><div class=\"wp-block-cover__inner-container is-layout-flow wp-block-cover-is-layout-flow\">\n<h3 class=\"wp-block-heading has-white-color has-text-color has-medium-font-size\" style=\"margin-top:0;margin-right:0;margin-bottom:0;margin-left:0\">FORD TRUCKS<\/h3>\n\n\n\n<p class=\"has-lightgrey-color has-text-color has-link-color has-x-small-font-size wp-elements-2dc2a2dbd2b83e40aaca76165b7afa92\" style=\"margin-top:0;margin-right:0;margin-bottom:0;margin-left:0\"><a href=\"https:\/\/felipsotomotiv.com.tr\/index.php\/ford\/\">\u0130ncelemek icin t\u0131klay\u0131n\u0131z<\/a><\/p>\n<\/div><\/div>\n<\/div>\n\n\n\n<div class=\"wp-block-column is-layout-flow wp-block-column-is-layout-flow\">\n<div class=\"wp-block-cover has-custom-content-position is-position-bottom-left\" style=\"padding-top:var(--wp--preset--spacing--small);padding-right:var(--wp--preset--spacing--x-small);padding-bottom:var(--wp--preset--spacing--small);padding-left:var(--wp--preset--spacing--x-small);min-height:300px;aspect-ratio:unset;\"><span aria-hidden=\"true\" class=\"wp-block-cover__background has-primary-background-color has-background-dim-70 has-background-dim\"><\/span><img loading=\"lazy\" decoding=\"async\" width=\"225\" height=\"225\" class=\"wp-block-cover__image-background wp-image-55\" alt=\"\" src=\"https:\/\/felipsotomotiv.com.tr\/wp-content\/uploads\/2024\/04\/images.jpg\" data-object-fit=\"cover\" srcset=\"https:\/\/felipsotomotiv.com.tr\/wp-content\/uploads\/2024\/04\/images.jpg 225w, https:\/\/felipsotomotiv.com.tr\/wp-content\/uploads\/2024\/04\/images-150x150.jpg 150w\" sizes=\"auto, (max-width: 225px) 100vw, 225px\" \/><div class=\"wp-block-cover__inner-container is-layout-flow wp-block-cover-is-layout-flow\">\n<h3 class=\"wp-block-heading has-white-color has-text-color has-medium-font-size\" style=\"margin-top:0;margin-right:0;margin-bottom:0;margin-left:0\">MERCEDES &#8211; BENZ<\/h3>\n\n\n\n<p class=\"has-lightgrey-color has-text-color has-link-color has-x-small-font-size wp-elements-c7230261e0c8a14e4fbcf7de5e56e969\" style=\"margin-top:0;margin-right:0;margin-bottom:0;margin-left:0\"><a href=\"#\"><\/a><a href=\"https:\/\/felipsotomotiv.com.tr\/index.php\/mercedes-benz\/\">\u0130ncelemek icin t\u0131klay\u0131n\u0131z<\/a><\/p>\n<\/div><\/div>\n\n\n\n<div class=\"wp-block-cover has-custom-content-position is-position-bottom-left\" style=\"padding-top:var(--wp--preset--spacing--small);padding-right:var(--wp--preset--spacing--x-small);padding-bottom:var(--wp--preset--spacing--small);padding-left:var(--wp--preset--spacing--x-small);min-height:300px;aspect-ratio:unset;\"><span aria-hidden=\"true\" class=\"wp-block-cover__background has-primary-background-color has-background-dim-70 has-background-dim\"><\/span><img loading=\"lazy\" decoding=\"async\" width=\"350\" height=\"460\" class=\"wp-block-cover__image-background wp-image-90\" alt=\"\" src=\"https:\/\/felipsotomotiv.com.tr\/wp-content\/uploads\/2024\/04\/s-way1-mobile.jpg\" data-object-fit=\"cover\" srcset=\"https:\/\/felipsotomotiv.com.tr\/wp-content\/uploads\/2024\/04\/s-way1-mobile.jpg 350w, https:\/\/felipsotomotiv.com.tr\/wp-content\/uploads\/2024\/04\/s-way1-mobile-228x300.jpg 228w\" sizes=\"auto, (max-width: 350px) 100vw, 350px\" \/><div class=\"wp-block-cover__inner-container is-layout-flow wp-block-cover-is-layout-flow\">\n<h3 class=\"wp-block-heading has-white-color has-text-color has-medium-font-size\" style=\"margin-top:0;margin-right:0;margin-bottom:0;margin-left:0\">IVECO<\/h3>\n\n\n\n<p class=\"has-lightgrey-color has-text-color has-link-color has-x-small-font-size wp-elements-46386e608a6fd524bc0e1391b6536e8f\" style=\"margin-top:0;margin-right:0;margin-bottom:0;margin-left:0\"><a href=\"#\"><\/a><a href=\"https:\/\/felipsotomotiv.com.tr\/index.php\/iveco\/\">\u0130ncelemek icin t\u0131klay\u0131n\u0131z<\/a><\/p>\n<\/div><\/div>\n<\/div>\n\n\n\n<div class=\"wp-block-column is-layout-flow wp-block-column-is-layout-flow\" style=\"padding-top:0;padding-right:0;padding-bottom:0;padding-left:0\">\n<div class=\"wp-block-cover has-custom-content-position is-position-bottom-left\" style=\"padding-top:var(--wp--preset--spacing--small);padding-right:var(--wp--preset--spacing--x-small);padding-bottom:var(--wp--preset--spacing--small);padding-left:var(--wp--preset--spacing--x-small);min-height:300px;aspect-ratio:unset;\"><span aria-hidden=\"true\" class=\"wp-block-cover__background has-primary-background-color has-background-dim-70 has-background-dim\"><\/span><img loading=\"lazy\" decoding=\"async\" width=\"1170\" height=\"700\" class=\"wp-block-cover__image-background wp-image-85\" alt=\"\" src=\"https:\/\/felipsotomotiv.com.tr\/wp-content\/uploads\/2024\/04\/scania1.jpg\" data-object-fit=\"cover\" srcset=\"https:\/\/felipsotomotiv.com.tr\/wp-content\/uploads\/2024\/04\/scania1.jpg 1170w, https:\/\/felipsotomotiv.com.tr\/wp-content\/uploads\/2024\/04\/scania1-300x179.jpg 300w, https:\/\/felipsotomotiv.com.tr\/wp-content\/uploads\/2024\/04\/scania1-1024x613.jpg 1024w\" sizes=\"auto, (max-width: 1170px) 100vw, 1170px\" \/><div class=\"wp-block-cover__inner-container is-layout-flow wp-block-cover-is-layout-flow\">\n<h3 class=\"wp-block-heading has-white-color has-text-color has-medium-font-size\" style=\"margin-top:0;margin-right:0;margin-bottom:0;margin-left:0\">SCAN\u0130A<\/h3>\n\n\n\n<p class=\"has-lightgrey-color has-text-color has-link-color has-x-small-font-size wp-elements-c620d40e81b331e5faf8b9215d621afe\" style=\"margin-top:0;margin-right:0;margin-bottom:0;margin-left:0\"><a href=\"#\"><\/a><a href=\"https:\/\/felipsotomotiv.com.tr\/index.php\/scania\/\">\u0130ncelemek icin t\u0131klay\u0131n\u0131z<\/a><\/p>\n<\/div><\/div>\n\n\n\n<div class=\"wp-block-cover has-custom-content-position is-position-bottom-left\" style=\"padding-top:var(--wp--preset--spacing--small);padding-right:var(--wp--preset--spacing--x-small);padding-bottom:var(--wp--preset--spacing--small);padding-left:var(--wp--preset--spacing--x-small);min-height:300px;aspect-ratio:unset;\"><span aria-hidden=\"true\" class=\"wp-block-cover__background has-primary-background-color has-background-dim-70 has-background-dim\"><\/span><img loading=\"lazy\" decoding=\"async\" width=\"770\" height=\"770\" class=\"wp-block-cover__image-background wp-image-100\" alt=\"\" src=\"https:\/\/felipsotomotiv.com.tr\/wp-content\/uploads\/2024\/04\/man.jpg\" data-object-fit=\"cover\" srcset=\"https:\/\/felipsotomotiv.com.tr\/wp-content\/uploads\/2024\/04\/man.jpg 770w, https:\/\/felipsotomotiv.com.tr\/wp-content\/uploads\/2024\/04\/man-300x300.jpg 300w, https:\/\/felipsotomotiv.com.tr\/wp-content\/uploads\/2024\/04\/man-150x150.jpg 150w\" sizes=\"auto, (max-width: 770px) 100vw, 770px\" \/><div class=\"wp-block-cover__inner-container is-layout-flow wp-block-cover-is-layout-flow\">\n<h3 class=\"wp-block-heading has-white-color has-text-color has-medium-font-size\" style=\"margin-top:0;margin-right:0;margin-bottom:0;margin-left:0\">MAN<\/h3>\n\n\n\n<p class=\"has-lightgrey-color has-text-color has-link-color has-x-small-font-size wp-elements-0ddb3c0b71d10657cf720657bea881f1\" style=\"margin-top:0;margin-right:0;margin-bottom:0;margin-left:0\"><a href=\"#\"><\/a><a href=\"https:\/\/felipsotomotiv.com.tr\/index.php\/man\/\">\u0130ncelemek icin t\u0131klay\u0131n\u0131z<\/a><\/p>\n<\/div><\/div>\n<\/div>\n\n\n\n<div class=\"wp-block-column is-layout-flow wp-block-column-is-layout-flow\" style=\"padding-top:0;padding-right:0;padding-bottom:0;padding-left:0\">\n<div class=\"wp-block-cover has-custom-content-position is-position-bottom-left\" style=\"padding-top:var(--wp--preset--spacing--small);padding-right:var(--wp--preset--spacing--x-small);padding-bottom:var(--wp--preset--spacing--small);padding-left:var(--wp--preset--spacing--x-small);min-height:300px;aspect-ratio:unset;\"><span aria-hidden=\"true\" class=\"wp-block-cover__background has-primary-background-color has-background-dim-70 has-background-dim\"><\/span><img loading=\"lazy\" decoding=\"async\" width=\"225\" height=\"225\" class=\"wp-block-cover__image-background wp-image-103\" alt=\"\" src=\"https:\/\/felipsotomotiv.com.tr\/wp-content\/uploads\/2024\/04\/images-2.jpg\" data-object-fit=\"cover\" srcset=\"https:\/\/felipsotomotiv.com.tr\/wp-content\/uploads\/2024\/04\/images-2.jpg 225w, https:\/\/felipsotomotiv.com.tr\/wp-content\/uploads\/2024\/04\/images-2-150x150.jpg 150w\" sizes=\"auto, (max-width: 225px) 100vw, 225px\" \/><div class=\"wp-block-cover__inner-container is-layout-flow wp-block-cover-is-layout-flow\">\n<h3 class=\"wp-block-heading has-white-color has-text-color has-medium-font-size\" style=\"margin-top:0;margin-right:0;margin-bottom:0;margin-left:0\">VOLVO<\/h3>\n\n\n\n<p class=\"has-lightgrey-color has-text-color has-link-color has-x-small-font-size wp-elements-65df70585955d24af0d5bdb44cb2aeb1\" style=\"margin-top:0;margin-right:0;margin-bottom:0;margin-left:0\"><a href=\"#\"><\/a><a href=\"https:\/\/felipsotomotiv.com.tr\/index.php\/volvo\/\">\u0130ncelemek icin t\u0131klay\u0131n\u0131z<\/a><\/p>\n<\/div><\/div>\n\n\n\n<div class=\"wp-block-cover has-custom-content-position is-position-bottom-left\" style=\"padding-top:var(--wp--preset--spacing--small);padding-right:var(--wp--preset--spacing--x-small);padding-bottom:var(--wp--preset--spacing--small);padding-left:var(--wp--preset--spacing--x-small);min-height:300px;aspect-ratio:unset;\"><span aria-hidden=\"true\" class=\"wp-block-cover__background has-primary-background-color has-background-dim-70 has-background-dim\"><\/span><img loading=\"lazy\" decoding=\"async\" width=\"1920\" height=\"1387\" class=\"wp-block-cover__image-background wp-image-101\" alt=\"\" src=\"https:\/\/felipsotomotiv.com.tr\/wp-content\/uploads\/2024\/04\/p038800_0.png\" data-object-fit=\"cover\" srcset=\"https:\/\/felipsotomotiv.com.tr\/wp-content\/uploads\/2024\/04\/p038800_0.png 1920w, https:\/\/felipsotomotiv.com.tr\/wp-content\/uploads\/2024\/04\/p038800_0-300x217.png 300w, https:\/\/felipsotomotiv.com.tr\/wp-content\/uploads\/2024\/04\/p038800_0-1024x740.png 1024w\" sizes=\"auto, (max-width: 1920px) 100vw, 1920px\" \/><div class=\"wp-block-cover__inner-container is-layout-flow wp-block-cover-is-layout-flow\">\n<h3 class=\"wp-block-heading has-white-color has-text-color has-medium-font-size\" style=\"margin-top:0;margin-right:0;margin-bottom:0;margin-left:0\">RENAULT TRUCKS<\/h3>\n\n\n\n<p class=\"has-lightgrey-color has-text-color has-link-color has-x-small-font-size wp-elements-6f61927fff2c75677885a36578bce8cf\" style=\"margin-top:0;margin-right:0;margin-bottom:0;margin-left:0\"><a href=\"#\"><\/a><a href=\"https:\/\/felipsotomotiv.com.tr\/index.php\/renault\/\">\u0130ncelemek icin t\u0131klay\u0131n\u0131z<\/a><\/p>\n<\/div><\/div>\n<\/div>\n<\/div>\n\n\n\n<div style=\"height:103px\" aria-hidden=\"true\" class=\"wp-block-spacer\"><\/div>\n<\/div>\n\n\n\n<div class=\"wp-block-group alignfull has-global-padding is-layout-constrained wp-block-group-is-layout-constrained\">\n<div class=\"wp-block-group has-global-padding is-layout-constrained wp-block-group-is-layout-constrained\" style=\"padding-top:var(--wp--preset--spacing--small);padding-bottom:var(--wp--preset--spacing--small)\">\n<div style=\"height:30px\" aria-hidden=\"true\" class=\"wp-block-spacer\"><\/div>\n\n\n\n<div class=\"wp-block-columns is-layout-flex wp-container-core-columns-is-layout-c375d253 wp-block-columns-is-layout-flex\">\n<div class=\"wp-block-column is-vertically-aligned-center is-layout-flow wp-block-column-is-layout-flow\">\n<h2 class=\"wp-block-heading has-medium-font-size\" style=\"text-transform:uppercase\">Teknik resim<\/h2>\n\n\n\n<p>Tesislerimizde \u00f6zel tasar\u0131mlara sahip, lazer kesim, presli ve b\u00fck\u00fcm paslanmaz \u00e7elik, plastik enjeksiyon, fiber ve re\u00e7ine \u00fcr\u00fcnler \u00fcretiyor, her ge\u00e7en g\u00fcn yeni \u00fcr\u00fcn \u00e7e\u015fitleri ve yeni \u00fcretim y\u00f6ntemleri ile m\u00fc\u015fterilerimize e\u015fsiz aksesuarlar sa\u011fl\u0131yoruz.<\/p>\n\n\n\n<p><\/p>\n<\/div>\n\n\n\n<div class=\"wp-block-column is-layout-flow wp-block-column-is-layout-flow\">\n<figure class=\"wp-block-image size-large\"><img loading=\"lazy\" decoding=\"async\" width=\"1024\" height=\"684\" src=\"https:\/\/felipsotomotiv.com.tr\/wp-content\/uploads\/2024\/04\/architectural-blueprints-1024x684.jpg\" alt=\"\" class=\"wp-image-1372\" srcset=\"https:\/\/felipsotomotiv.com.tr\/wp-content\/uploads\/2024\/04\/architectural-blueprints-1024x684.jpg 1024w, https:\/\/felipsotomotiv.com.tr\/wp-content\/uploads\/2024\/04\/architectural-blueprints-300x200.jpg 300w, https:\/\/felipsotomotiv.com.tr\/wp-content\/uploads\/2024\/04\/architectural-blueprints-2000x1335.jpg 2000w\" sizes=\"auto, (max-width: 1024px) 100vw, 1024px\" \/><\/figure>\n<\/div>\n<\/div>\n\n\n\n<div style=\"height:30px\" aria-hidden=\"true\" class=\"wp-block-spacer\"><\/div>\n<\/div>\n<\/div>\n\n\n\n<div class=\"wp-block-cover alignfull has-parallax is-position-center-center\" style=\"border-radius:0px\"><span aria-hidden=\"true\" class=\"wp-block-cover__background has-black-background-color has-background-dim-40 has-background-dim\"><\/span><div class=\"wp-block-cover__image-background wp-image-107 has-parallax\" style=\"background-position:50% 50%;background-image:url(https:\/\/felipsotomotiv.com.tr\/wp-content\/uploads\/2024\/04\/Ls3tLcWRLxfL0DAm-636797971962056602.jpg)\"><\/div><div class=\"wp-block-cover__inner-container is-layout-flow wp-block-cover-is-layout-flow\">\n<p class=\"has-text-align-center has-large-font-size\"><\/p>\n<\/div><\/div>\n\n\n\n<div class=\"wp-block-group alignfull has-background has-global-padding is-layout-constrained wp-block-group-is-layout-constrained\" style=\"background-color:#f8f8f8\">\n<div class=\"wp-block-group has-global-padding is-layout-constrained wp-block-group-is-layout-constrained\" style=\"padding-top:var(--wp--preset--spacing--small);padding-bottom:var(--wp--preset--spacing--small)\">\n<div style=\"height:30px\" aria-hidden=\"true\" class=\"wp-block-spacer\"><\/div>\n\n\n\n<div class=\"wp-block-columns are-vertically-aligned-center is-layout-flex wp-container-core-columns-is-layout-c375d253 wp-block-columns-is-layout-flex\">\n<div class=\"wp-block-column is-vertically-aligned-center is-layout-flow wp-block-column-is-layout-flow\">\n<figure class=\"wp-block-image size-large\"><img loading=\"lazy\" decoding=\"async\" width=\"1024\" height=\"683\" src=\"https:\/\/felipsotomotiv.com.tr\/wp-content\/uploads\/2024\/04\/6206720-1024x683.jpg\" alt=\"\" class=\"wp-image-1373\" srcset=\"https:\/\/felipsotomotiv.com.tr\/wp-content\/uploads\/2024\/04\/6206720-1024x683.jpg 1024w, https:\/\/felipsotomotiv.com.tr\/wp-content\/uploads\/2024\/04\/6206720-300x200.jpg 300w, https:\/\/felipsotomotiv.com.tr\/wp-content\/uploads\/2024\/04\/6206720-2000x1333.jpg 2000w\" sizes=\"auto, (max-width: 1024px) 100vw, 1024px\" \/><\/figure>\n<\/div>\n\n\n\n<div class=\"wp-block-column is-vertically-aligned-center is-layout-flow wp-block-column-is-layout-flow\">\n<h2 class=\"wp-block-heading has-medium-font-size\" style=\"text-transform:uppercase\">Global \u00c7\u00f6z\u00fcmlerimizle Her Zaman Yan\u0131n\u0131zday\u0131z<\/h2>\n\n\n\n<p>T\u00fcrkiye Bursa \u00fcretim tesislerimizden ve Macaristan Budape\u015fte depomuzdan yurt i\u00e7i ve yurt d\u0131\u015f\u0131ndaki m\u00fc\u015fterilerimizin isteklerine en h\u0131zl\u0131 \u015fekilde cevap verip tam \u015fekilde hizmet etmekten gurur duyuyoruz.<\/p>\n<\/div>\n<\/div>\n\n\n\n<div style=\"height:30px\" aria-hidden=\"true\" class=\"wp-block-spacer\"><\/div>\n<\/div>\n<\/div>\n\n\n\n<div id=\"news\" class=\"wp-block-group has-global-padding is-layout-constrained wp-block-group-is-layout-constrained\">\n<div style=\"height:85px\" aria-hidden=\"true\" class=\"wp-block-spacer\"><\/div>\n<\/div>\n","protected":false},"excerpt":{"rendered":"<p>HAKKIMIZDA Uzun y\u0131llard\u0131r \u00fcretti\u011fimiz paslanmaz \u00e7elik t\u0131r aksesuarlar\u0131n\u0131, sekt\u00f6rde edindi\u011fimiz tecr\u00fcbelerle yeni markam\u0131z Felips Otomotiv ile d\u00fcnyaya sa\u011fl\u0131yoruz. Paslanmaz \u00e7elik aksesuarlar \u00fcreterek ba\u015flad\u0131\u011f\u0131m\u0131z ser\u00fcvenimize; sekt\u00f6rde edindi\u011fimiz teknik bilgi, birikim ve becerilerimizi yeni \u00fcretim altyap\u0131s\u0131 ile birle\u015ftirip, plastik ve fiber aksesuarlar da ekleyerek, m\u00fc\u015fterilerimizin ihtiya\u00e7lar\u0131n\u0131 daha geni\u015f alanda kar\u015f\u0131lamakta kararl\u0131y\u0131z&#8230; \u00dcr\u00fcnlerimiz Teknik resim Tesislerimizde \u00f6zel tasar\u0131mlara &hellip; <\/p>\n<p class=\"link-more\"><a href=\"https:\/\/felipsotomotiv.com.tr\/\" class=\"more-link\"><span class=\"screen-reader-text\"> &#8220;Ana Sayfa&#8221;<\/span>devam\u0131n\u0131 oku<\/a><\/p>\n","protected":false},"author":1,"featured_media":0,"parent":0,"menu_order":0,"comment_status":"closed","ping_status":"closed","template":"page-templates\/homepage-no-hero.php","meta":{"inspiro_hide_title":false,"footnotes":""},"class_list":["post-8","page","type-page","status-publish","hentry"],"_links":{"self":[{"href":"https:\/\/felipsotomotiv.com.tr\/index.php\/wp-json\/wp\/v2\/pages\/8","targetHints":{"allow":["GET"]}}],"collection":[{"href":"https:\/\/felipsotomotiv.com.tr\/index.php\/wp-json\/wp\/v2\/pages"}],"about":[{"href":"https:\/\/felipsotomotiv.com.tr\/index.php\/wp-json\/wp\/v2\/types\/page"}],"author":[{"embeddable":true,"href":"https:\/\/felipsotomotiv.com.tr\/index.php\/wp-json\/wp\/v2\/users\/1"}],"replies":[{"embeddable":true,"href":"https:\/\/felipsotomotiv.com.tr\/index.php\/wp-json\/wp\/v2\/comments?post=8"}],"version-history":[{"count":23,"href":"https:\/\/felipsotomotiv.com.tr\/index.php\/wp-json\/wp\/v2\/pages\/8\/revisions"}],"predecessor-version":[{"id":1386,"href":"https:\/\/felipsotomotiv.com.tr\/index.php\/wp-json\/wp\/v2\/pages\/8\/revisions\/1386"}],"wp:attachment":[{"href":"https:\/\/felipsotomotiv.com.tr\/index.php\/wp-json\/wp\/v2\/media?parent=8"}],"curies":[{"name":"wp","href":"https:\/\/api.w.org\/{rel}","templated":true}]}}